is divided by i.
12
Suppose -10 = 4*s - 6*s. Suppose -2*l + 14 + 85 = s*q, 0 = -2*l + 2*q + 106. Calculate the remainder when l is divided by 18.
16
Suppose 37*r - 29*r = 88. What is the remainder when 38 is divided by r?
5
Suppose 0*u + 2*u + 8 = 0. Suppose 0 = 5*h - 0 + 20. Calculate the remainder when (2/u)/(2/h) is divided by 1.
0
Let d be 12/4*6/3. What is the remainder when 15 is divided by 22/d - 5/(-15)?
3
Suppose -8 = -s - s. Let h(i) = i**2 + 2*i + 3. Calculate the remainder when h(s) is divided by 14.
13
Suppose -2*q + 141 = q. Let a = -15 + q. What is the remainder when a is divided by 17?
15
Suppose 3*m + k + 5 = 3, 0 = 2*m + k + 3. Suppose -28 = 6*j - 2*j. Let w(r) = r**3 + 7*r**2 + r + 8. Calculate the remainder when w(j) is divided by m.
0
Let h(i) be the third derivative of -i**4/4 - 11*i**3/6 - i**2. What is the remainder when h(-8) is divided by 13?
11
Let v = 5 + -10. Let p be v/3*(-9 + 6). Suppose 2*w - 3*w + p = 0. What is the remainder when 9 is divided by w?
4
Let j = -22 + 26. Calculate the remainder when 9 is divided by j.
1
Suppose 2*j = 4*j - 6. Calculate the remainder when 5 + j/((-12)/8) is divided by 3.
0
Let q = -37 + 65. Suppose -4*k + 5*b + 8 = -3*k, -2*b - 8 = -2*k. Suppose 2*o = -2*t + q, 4*o - k*o - 20 = 5*t. What is the remainder when 44 is divided by o?
14
Let q(p) = p + 6. Calculate the remainder when 18/(-8)*24/(-9) is divided by q(-3).
0
Let d be (-3)/(-6)*(0 + 0). Suppose 4*z + 2*j + 196 = d, -71 + 29 = z - 3*j. Let i = 67 + z. What is the remainder when i is divided by 10?
9
Suppose 0 = y - 12 - 8. Calculate the remainder when (-159 + 3)*-1*1/2 is divided by y.
18
Let g = 11 - 9. What is the remainder when 71 is divided by 1/g - 175/(-10)?
17
Let w be 0*(3/6 + 0). Suppose -3*k + 7 + 20 = w. What is the remainder when 26 is divided by k?
8
Suppose -g + 7 = 4*m - 6*m, 4*m = -5*g + 21. Let i = 7 - g. Suppose 99 = i*j - 31. Calculate the remainder when j is divided by 17.
14
Let g = -22 + 28. Calculate the remainder when 14 is divided by g.
2
Suppose -j + 12 = -3*j. What is the remainder when -1*2*21/j is divided by 3?
1
Suppose 0 = -3*r + t + 59 - 10, 11 = r + t. Calculate the remainder when 40 is divided by r.
10
Suppose 0 = -3*h + 5*g + 162, 5*h - 5*g - 254 = -2*g. What is the remainder when h is divided by 13?
10
Suppose -8 = -3*r + 34. What is the remainder when r is divided by 4?
2
Let p(y) = y + 4. Let o be p(-7). What is the remainder when 37 - (0/o)/3 is divided by 13?
11
Let g = 19 + -5. Calculate the remainder when g is divided by -2*(-1)/(-1)*-4.
6
Let x = 20 - 4. Calculate the remainder when 44 is divided by x.
12
Let i = -116 - -239. Let q = -23 - -54. What is the remainder when i is divided by q?
30
What is the remainder when 78 is divided by -1*(-12)/3 - -23?
24
Suppose 0 = 4*p - 3*p + 3*i + 1, 5*p + i = 23. Calculate the remainder when 7 is divided by p.
2
Suppose -4*o + 2 - 6 = 0. Let k be o + 2/2 - -5. Suppose f - k*f - 8 = 0, -30 = -5*h + 5*f. What is the remainder when 10 is divided by h?
2
Suppose 0*a = a - 6. Calculate the remainder when 34 is divided by a.
4
Let z(x) be the first derivative of x**4/6 + x**3/3 + x**2 + 2. Let n(g) be the second derivative of z(g). Calculate the remainder when 41 is divided by n(3).
13
Let b = 5 - 3. Suppose 5*y - 4*y + 12 = 3*d, 0 = -b*d - 2*y. Suppose 0 = -h - d + 13. Calculate the remainder when 19 is divided by h.
9
Let y = -38 - -86. What is the remainder when y is divided by 28?
20
Let t be 9/6 + 3/(-2). Suppose k + 3*s + 4 = 0, t = k - 2*k + 5*s + 20. Suppose 0*p - 4*p = -56. What is the remainder when p is divided by k?
4
Let p = 7 + 0. Let d = 110 + -45. Suppose 3*a = -2*a + d. What is the remainder when a is divided by p?
6
Suppose -16 = -t - t. Let s = -77 - -129. Suppose 5*p - 33 = -w, -2*w + p - 4*p + s = 0. What is the remainder when w is divided by t?
7
Let m = -6 + 13. Suppose -s + r = -m, 3*r = -5*s + 6*r + 39. What is the remainder when 26 is divided by s?
8
Suppose 4 = 4*n, n = -5*y + 2*n - 11. What is the remainder when (y/(-4))/((-4)/(-40)) is divided by 4?
1
Let i(s) = 32*s + 4. Let g be i(3). Suppose -4*n - 2*f - 10 = 0, -2*n + 6*n + 3*f = -15. Suppose n*c - 5*c = -g. Calculate the remainder when c is divided by 7.
6
Let l = -5 - -8. Suppose 15 = g + l*j, 2*j + 7 = 6*g - g. Let x = 8 - g. Calculate the remainder when 9 is divided by x.
4
Let b(o) = o**3 - 2*o**2 + 5*o + 4. Calculate the remainder when 167 is divided by b(4).
55
Let q(t) = -t - 1. Let r be 3*(8/(-6))/1. Calculate the remainder when 3 is divided by q(r).
0
Suppose -4*a + 2*a = -100. Suppose -2*n + 3 + 31 = 0. Let m = n + 0. Calculate the remainder when a is divided by m.
16
Suppose -3 = 2*c - 15. Let k(q) = 37*q**3 - 3*q**2 - 3*q. Let j be k(-2). Calculate the remainder when (-4)/(-18) - j/18 is divided by c.
5
Suppose 5*p + 75 = -4*h, -5*p - 6 = 9. Let b = -6 - h. What is the remainder when 17 is divided by b?
8
Suppose 6*v - 5*v = 17. Calculate the remainder when 65 is divided by v.
14
Suppose -2*c + 4*t + 8 = 0, -3*t + 6 = -t. Calculate the remainder when 36 is divided by c.
6
Let l = -41 - -253. Suppose 2*s - 92 = -2*a, 5*s - l = -2*a + 3*a. What is the remainder when s is divided by 9?
7
Let n(f) = -f**3 + 8*f**2 + f - 12. Let i be n(8). Let j = i - -24. What is the remainder when j is divided by 11?
9
Suppose -3*m = -8*m + 15. Let w = 56 + -47. Calculate the remainder when w is divided by m.
0
Suppose m = 3*g - 3 + 9, 0 = 4*g + 4. Suppose 1 + 7 = 2*z + 3*c, -m*c = 3*z - 18. Calculate the remainder when 29 is divided by z.
9
Let g = 48 - 17. Let t = 54 - g. What is the remainder when 45 is divided by t?
22
Let z(y) = 21*y - 36. What is the remainder when z(5) is divided by 9?
6
Suppose q - 6 = -4*n - 24, 14 = 3*q - 5*n. Let t = 8 + q. What is the remainder when 11 is divided by t?
5
Suppose 5*g + 4*g - 1008 = 0. What is the remainder when g is divided by 58?
54
Let c(b) = -b**3 - 5*b**2 + b + 3. Let n = 6 + -12. What is the remainder when c(n) is divided by 17?
16
Suppose -7*g = -4*g - 18. Let n(r) = -r + 5. Let k be n(g). Calculate the remainder when 7 is divided by 1*-1*(k + -3).
3
Let o(w) = -10*w - 5. Suppose 2*h - 24 = -0*h. Calculate the remainder when o(-4) is divided by h.
11
Let b be (-3 - -4)/((-2)/(-52)). Suppose -b - 71 = -u. Calculate the remainder when u is divided by 25.
22
Suppose -9 = -3*t + 60. What is the remainder when t is divided by 8?
7
Let o(f) = -f**2 + 7*f - 9. Let a be o(7). Calculate the remainder when 50 is divided by (-151)/a - 8/(-36).
16
Let f be 1*(-3 - -4 - 1). Suppose -5*s - 3*r - 74 = 0, s = -f*s + 5*r + 2. What is the remainder when 37 is divided by (s/(-1))/(1 + 0)?
11
Suppose -2*t - 2*l = -l - 23, -4*t - 4*l + 40 = 0. Calculate the remainder when 51 is divided by t.
12
Let i(r) = r**2 + r. Let k be i(1). Suppose -3*j + 40 = 4*a + k*j, -4 = -j. What is the remainder when 14 is divided by a?
4
Let u(j) = 13*j**2 + 2*j + 1. Suppose -5*d - 19 = -4*h, 2*d = 6*d + h + 11. What is the remainder when (1/(-3))/(d/207) is divided by u(-1)?
11
Suppose -6*c = -2*c - 12. Let v = -21 + 15. What is the remainder when c/v*2*-13 is divided by 7?
6
Suppose 0 = -2*i + 297 + 83. Calculate the remainder when i is divided by 48.
46
Suppose 5*s = -5*u + 40, 2*s - 27 = -4*u - 3. Let j(i) = -i**2 + 19*i - 12. What is the remainder when j(17) is divided by 24*(-2)/s*-1?
10
Let j(l) = -l - 3 - 4*l**2 + 7*l**2 - 3*l. Let z = 10 - 4. What is the remainder when j(-2) is divided by z?
5
Let f = 65 + -33. What is the remainder when f is divided by 19?
13
Let x = 49 + 29. What is the remainder when x is divided by 20?
18
Let t(x) = -x**3 - 4*x**2 + 7. Calculate the remainder when t(-6) is divided by 20.
19
Suppose v - 17 = -2*u, v + 2*v = 2*u - 37. Suppose 0 = 2*g - g - 20. Calculate the remainder when g is divided by u.
9
Let w = 8 + 1. Suppose z = -2*z + w. Let r(y) = -y + 5. Calculate the remainder when r(-5) is divided by z.
1
Suppose h + 5 = 28. Let f(g) = 5*g + 1. What is the remainder when h is divided by f(1)?
5
Suppose -5*t - 2*p - p + 20 = 0, 16 = 4*t - 3*p. Suppose 3*w - u - 12 = 25, 0 = t*w + 5*u - 62. What is the remainder when (-453)/(-9) - 1/3 is divided by w?
11
Let i = -6 + 10. Suppose 2*v = i*c - 28, 0 = -c - 0*v + 4*v. What is 